30 and 20553090?
30
Calculate the greatest common divisor of 19210 and 542980.
170
Calculate the greatest common divisor of 4388725 and 75.
25
Calculate the greatest common divisor of 822 and 454350362.
274
Calculate the highest common factor of 2915222 and 2726.
94
What is the greatest common divisor of 19197126 and 18?
18
Calculate the greatest common factor of 6114412 and 1476.
164
Calculate the greatest common factor of 1929826241 and 49.
49
What is the highest common divisor of 4 and 2356822?
2
What is the highest common divisor of 445320076 and 1182?
394
What is the greatest common factor of 34177 and 890032?
143
Calculate the greatest common factor of 30560173 and 49.
49
Calculate the greatest common divisor of 664077069 and 102.
51
Calculate the highest common factor of 3 and 1532031.
3
What is the greatest common divisor of 21721388 and 117?
13
What is the highest common factor of 33322761 and 21?
3
What is the highest common factor of 153 and 9600699?
51
What is the highest common divisor of 1978 and 679486?
86
Calculate the greatest common divisor of 2952764 and 200800.
1004
Calculate the greatest common factor of 96 and 13336032.
96
Calculate the highest common divisor of 689443043 and 4516.
1129
What is the greatest common factor of 5910 and 20433234?
1182
What is the greatest common factor of 6882 and 54612?
222
What is the highest common factor of 58512500 and 5580?
620
What is the greatest common divisor of 46110 and 60465?
435
What is the highest common divisor of 368 and 415784?
8
What is the highest common factor of 26 and 172074110?
26
Calculate the highest common factor of 418625 and 4719625.
2125
What is the greatest common factor of 25552 and 123312?
16
What is the highest common divisor of 2354778 and 10044?
54
Calculate the highest common factor of 110510 and 142330.
430
Calculate the greatest common divisor of 513051 and 4158.
231
Calculate the greatest common divisor of 18403 and 9102401.
77
Calculate the greatest common factor of 735507 and 40797.
27
Calculate the greatest common divisor of 1708347 and 304741.
817
Calculate the highest common factor of 246 and 36299104.
82
What is the greatest common divisor of 2299 and 1200287?
209
What is the highest common factor of 162 and 76549050?
162
Calculate the greatest common factor of 208 and 12397112.
104
Calculate the highest common divisor of 21 and 358647.
3
What is the greatest common divisor of 66825253 and 127325?
5093
Calculate the greatest common factor of 28 and 121020452.
28
What is the greatest common factor of 18361 and 23251949?
301
Calculate the greatest common divisor of 372 and 9354777.
93
Calculate the highest common factor of 29630926 and 17912.
4478
Calculate the highest common factor of 25500 and 40791000.
1500
Calculate the highest common factor of 3306762 and 18.
18
What is the highest common factor of 119472 and 74708?
76
Calculate the greatest common divisor of 10093856 and 64.
32
Calculate the greatest common factor of 4429520734 and 2162.
2162
What is the highest common factor of 2010 and 430035?
15
Calculate the highest common divisor of 932249 and 42001.
433
Calculate the greatest common factor of 8030 and 73480121.
803
Calculate the highest common factor of 1020283 and 781.
11
Calculate the highest common divisor of 694698 and 804.
6
Calculate the highest common factor of 8694 and 7853202.
126
Calculate the greatest common factor of 172 and 110436986.
86
What is the highest common divisor of 1785664 and 368?
16
What is the greatest common divisor of 14215143 and 372?
93
Calculate the greatest common factor of 5937 and 10785.
3
Calculate the greatest common divisor of 44622620 and 21420.
2380
Calculate the highest common divisor of 1483 and 38681089.
1483
What is the greatest common divisor of 80613 and 114192?
117
Calculate the greatest common factor of 813027 and 18699.
69
Calculate the highest common factor of 87 and 440997519.
87
What is the highest common factor of 1914 and 1171803?
87
Calculate the greatest common factor of 38182355 and 134545.
1895
What is the highest common factor of 15 and 126222015?
15
What is the highest common factor of 84793038 and 9252?
1542
Calculate the greatest common divisor of 20274 and 1731.
3
What is the greatest common factor of 48880 and 56870?
470
What is the greatest common factor of 23243427 and 612?
9
What is the greatest common factor of 437979852 and 7884?
7884
What is the highest common factor of 6422 and 286117?
169
Calculate the highest common divisor of 9332947 and 13.
13
Calculate the highest common divisor of 14962766 and 11102.
182
What is the greatest common divisor of 704642287 and 2903?
2903
Calculate the greatest common divisor of 1785513 and 2622.
69
Calculate the highest common divisor of 5132804 and 1285.
257
Calculate the highest common factor of 38 and 2037446.
38
Calculate the greatest common factor of 64383960 and 840.
120
What is the greatest common factor of 33419251 and 74?
37
What is the greatest common divisor of 30615 and 4629?
3
Calculate the highest common factor of 41735892 and 69.
69
What is the greatest common divisor of 2702996449 and 1007?
1007
Calculate the greatest common divisor of 287351 and 493.
17
What is the highest common factor of 1853261 and 869?
79
Calculate the highest common divisor of 15041 and 434498.
89
Calculate the highest common factor of 375583 and 1336.
167
What is the greatest common divisor of 84 and 190127154?
42
Calculate the highest common divisor of 653821 and 34286.
217
What is the greatest common divisor of 43645204 and 228?
76
Calculate the greatest common divisor of 14498055 and 2168595.
6435
Calculate the greatest common factor of 52714512 and 240.
48
What is the greatest common factor of 66 and 1362486?
6
What is the highest common factor of 65 and 309790923?
13
What is the highest common factor of 16256877 and 2444?
611
Calculate the greatest common divisor of 645554 and 4823.
91
What is the highest common divisor of 17513805 and 105?
15
What is the greatest common divisor of 568666 and 3019849?
1057
What is the greatest common factor of 2458 and 27857743?
1229
Calculate the greatest common factor of 9552586 and 74.
74
Calculate the greatest common divisor of 48457935 and 45.
45
Calculate the highest common divisor of 7936 and 9238.
62
Calculate the greatest common factor of 1606279 and 3187693.
4973
What is the greatest common factor of 1059020 and 145?
5
What is the highest common divisor of 32552320 and 266?
38
What is the highest common factor of 9 and 13321629?
9
Calculate the greatest common factor of 3097 and 4446285.
19
What is the highest common factor of 1185686 and 268?
2
What is the highest common factor of 425 and 82671?
17
Calculate the greatest common factor of 208 and 4871696.
16
What is the highest common divisor of 3694 and 6377691?
1847
Calculate the greatest common divisor of 285793 and 830593.
227
What is the greatest common factor of 68159118 and 114?
114
What is the highest common divisor of 21460 and 25148900?
740
Calculate the highest common factor of 207 and 5425353.
9
Calculate the greatest common factor of 131919249 and 77.
77
Calculate the greatest common divisor of 56 and 48521816.
56
What is the greatest common factor of 5079168 and 108?
36
Calculate the highest common divisor of 386356678 and 38.
38
What is the highest common factor of 7235 and 218497?
1447
Calculate the greatest common factor of 646 and 15131904.
646
Calculate the greatest common divisor of 161000 and 14462.
14
Calculate the greatest common factor of 18953 and 1890131.
1723
What is the greatest common factor of 42878 and 21868?
22
Calculate the greatest common factor of 221890713 and 3.
3
What is the highest common divisor of 224942 and 1737214?
94
What is the highest common factor of 1422 and 4490439?
237
What is the greatest common divisor of 1308239 and 6984?
97
Calculate the greatest common factor of 2014521 and 402100.
4021
Calculate the highest common divisor of 68077014 and 6.
6
What is the greatest common divisor of 224429628 and 708?
708
What is the highest common factor of 24001383 and 147?
21
What is the highest common factor of 44628 and 444?
12
What is the greatest common factor of 215 and 18623785?
5
Calculate the g